{"id":337,"date":"2023-06-28T20:23:21","date_gmt":"2023-06-28T20:23:21","guid":{"rendered":"https:\/\/www.sbw.org.pl\/?page_id=337"},"modified":"2025-09-14T18:56:16","modified_gmt":"2025-09-14T18:56:16","slug":"kontakt","status":"publish","type":"page","link":"https:\/\/www.sbw.org.pl\/?page_id=337","title":{"rendered":"Kontakt"},"content":{"rendered":"<p>[et_pb_section fb_built=&#8221;1&#8243; fullwidth=&#8221;on&#8221; _builder_version=&#8221;4.17.0&#8243; _module_preset=&#8221;default&#8221; global_colors_info=&#8221;{}&#8221;][et_pb_fullwidth_image src=&#8221;https:\/\/www.sbw.org.pl\/wp-content\/uploads\/2023\/10\/kontakt_baner_kom.jpg&#8221; title_text=&#8221;kontakt_baner_kom&#8221; src_tablet=&#8221;https:\/\/www.sbw.org.pl\/wp-content\/uploads\/2023\/10\/kontakt_baner_kom-1.jpg&#8221; src_phone=&#8221;https:\/\/www.sbw.org.pl\/wp-content\/uploads\/2023\/10\/kontakt_baner_kom-1.jpg&#8221; src_last_edited=&#8221;on|phone&#8221; _builder_version=&#8221;4.17.0&#8243; _module_preset=&#8221;default&#8221; global_colors_info=&#8221;{}&#8221;][\/et_pb_fullwidth_image][\/et_pb_section][et_pb_section fb_built=&#8221;1&#8243; _builder_version=&#8221;4.17.0&#8243; _module_preset=&#8221;default&#8221; custom_padding=&#8221;||10px|||&#8221; global_colors_info=&#8221;{}&#8221;][et_pb_row _builder_version=&#8221;4.17.0&#8243; _module_preset=&#8221;default&#8221; min_height=&#8221;190px&#8221; global_colors_info=&#8221;{}&#8221;][et_pb_column type=&#8221;4_4&#8243; _builder_version=&#8221;4.17.0&#8243; _module_preset=&#8221;default&#8221; global_colors_info=&#8221;{}&#8221;][et_pb_text _builder_version=&#8221;4.16&#8243; _module_preset=&#8221;default&#8221; text_font=&#8221;||||||||&#8221; text_font_size=&#8221;16px&#8221; text_line_height=&#8221;2em&#8221; header_2_font=&#8221;||||||||&#8221; custom_padding=&#8221;|||6px||&#8221; text_font_size_tablet=&#8221;14px&#8221; text_font_size_phone=&#8221;&#8221; text_font_size_last_edited=&#8221;on|phone&#8221; global_colors_info=&#8221;{}&#8221;]<\/p>\n<h2><span style=\"color: #494949;\"><strong>Stowarzyszenie Bran\u017cy Wyko\u0144czeniowej<\/strong><\/span><\/h2>\n<p style=\"padding-left: 40px;\">\n<p style=\"padding-left: 40px;\">ul. <span>Genera\u0142a W\u0142adys\u0142awa Sikorskiego 15c\/1<\/span>,<span>65-454 Zielona G\u00f3ra<\/span>, Polska\u00a0<br \/>email: <a href=\"mailto:biuro@sbw.org.pl\">biuro@sbw.org.pl<\/a><br \/>tel.\u00a0 +48 665 162 489<\/p>\n<p style=\"padding-left: 40px;\"><span style=\"font-size: 16px;\">KRS 0000817523<br \/><\/span><span style=\"font-size: 16px;\">NIP 8992872982<br \/><\/span><span style=\"font-size: 16px;\">REGON 385048787<\/span><\/p>\n<ul class=\"unstyled\" align=\"left\"><\/ul>\n<p><span style=\"color: #494949;\"><strong><\/strong><\/span><\/p>\n<p>[\/et_pb_text][\/et_pb_column][\/et_pb_row][\/et_pb_section][et_pb_section fb_built=&#8221;1&#8243; _builder_version=&#8221;4.17.0&#8243; _module_preset=&#8221;default&#8221; custom_padding=&#8221;||54px|||&#8221; global_colors_info=&#8221;{}&#8221;][et_pb_row _builder_version=&#8221;4.17.0&#8243; _module_preset=&#8221;default&#8221; global_colors_info=&#8221;{}&#8221;][et_pb_column type=&#8221;4_4&#8243; _builder_version=&#8221;4.17.0&#8243; _module_preset=&#8221;default&#8221; global_colors_info=&#8221;{}&#8221;][et_pb_text _builder_version=&#8221;4.17.0&#8243; _module_preset=&#8221;default&#8221; global_colors_info=&#8221;{}&#8221;]<\/p>\n<h2><strong>Zarz\u0105d Stowarzyszenia<\/strong><\/h2>\n<p>[\/et_pb_text][\/et_pb_column][\/et_pb_row][et_pb_row column_structure=&#8221;1_4,1_4,1_4,1_4&#8243; _builder_version=&#8221;4.17.0&#8243; _module_preset=&#8221;default&#8221; global_colors_info=&#8221;{}&#8221;][et_pb_column type=&#8221;1_4&#8243; _builder_version=&#8221;4.17.0&#8243; _module_preset=&#8221;default&#8221; global_colors_info=&#8221;{}&#8221;][et_pb_text _builder_version=&#8221;4.17.0&#8243; _module_preset=&#8221;default&#8221; global_colors_info=&#8221;{}&#8221;]<\/p>\n<h4>Prezes<\/h4>\n<p>Tomasz Jefimow<br \/><em><a href=\"mailto:tjefimow@sbw.org.pl\">tjefimow@sbw.org.pl<\/a><\/em><\/p>\n<p>[\/et_pb_text][\/et_pb_column][et_pb_column type=&#8221;1_4&#8243; _builder_version=&#8221;4.17.0&#8243; _module_preset=&#8221;default&#8221; global_colors_info=&#8221;{}&#8221;][et_pb_text _builder_version=&#8221;4.27.0&#8243; _module_preset=&#8221;default&#8221; hover_enabled=&#8221;0&#8243; global_colors_info=&#8221;{}&#8221; sticky_enabled=&#8221;0&#8243;]<\/p>\n<h4>Vice &#8211; prezes<\/h4>\n<p>Sebastian Stolarczyk<br \/><em><a href=\"mailto:tsstolarczyk@sbw.org.pl\">sstolarczyk@sbw.org.pl<\/a><\/em><\/p>\n<p>[\/et_pb_text][\/et_pb_column][et_pb_column type=&#8221;1_4&#8243; _builder_version=&#8221;4.17.0&#8243; _module_preset=&#8221;default&#8221; global_colors_info=&#8221;{}&#8221;][et_pb_text _builder_version=&#8221;4.27.0&#8243; _module_preset=&#8221;default&#8221; hover_enabled=&#8221;0&#8243; global_colors_info=&#8221;{}&#8221; sticky_enabled=&#8221;0&#8243;]<\/p>\n<h4>Vice &#8211; prezes<\/h4>\n<p>Dariusz Zg\u00f3recki<br \/><a href=\"mailto:dzgorecki@sbw.org.pl\">dzgorecki@sbw.org.pl<\/a><\/p>\n<p>[\/et_pb_text][\/et_pb_column][et_pb_column type=&#8221;1_4&#8243; _builder_version=&#8221;4.17.0&#8243; _module_preset=&#8221;default&#8221; global_colors_info=&#8221;{}&#8221;][et_pb_text _builder_version=&#8221;4.17.0&#8243; _module_preset=&#8221;default&#8221; global_colors_info=&#8221;{}&#8221;]<\/p>\n<h4>Skarbnik<\/h4>\n<p>Dorota Jefimow<br \/><a href=\"mailto:djefimow@sbw.org.pl\"><em>djefimow@sbw.org.pl<\/em><\/a><\/p>\n<p>[\/et_pb_text][\/et_pb_column][\/et_pb_row][\/et_pb_section][et_pb_section fb_built=&#8221;1&#8243; fullwidth=&#8221;on&#8221; _builder_version=&#8221;4.17.0&#8243; _module_preset=&#8221;default&#8221; global_colors_info=&#8221;{}&#8221;][et_pb_fullwidth_code _builder_version=&#8221;4.17.0&#8243; _module_preset=&#8221;default&#8221; global_colors_info=&#8221;{}&#8221;]<iframe src=\"https:\/\/www.google.com\/maps\/embed?pb=!1m14!1m8!1m3!1d9839.689244213374!2d15.5057565!3d51.9353706!3m2!1i1024!2i768!4f13.1!3m3!1m2!1s0x2b11fde1818ba865%3A0x7c281edaa3b00960!2sStowarzyszenie%20Bran%C5%BCy%20Wyko%C5%84czeniowej!5e0!3m2!1spl!2spl!4v1682028098828!5m2!1spl!2spl\" width=\"1600\" height=\"400\" style=\"border:0;\" allowfullscreen=\"\" loading=\"lazy\" referrerpolicy=\"no-referrer-when-downgrade\"><\/iframe>[\/et_pb_fullwidth_code][\/et_pb_section]<\/p>\n","protected":false},"excerpt":{"rendered":"<p>Stowarzyszenie Bran\u017cy Wyko\u0144czeniowej ul. Genera\u0142a W\u0142adys\u0142awa Sikorskiego 15c\/1,65-454 Zielona G\u00f3ra, Polska\u00a0email: biuro@sbw.org.pltel.\u00a0 +48 665 162 489 KRS 0000817523NIP 8992872982REGON 385048787 Zarz\u0105d StowarzyszeniaPrezes Tomasz Jefimowtjefimow@sbw.org.plVice &#8211; prezes Sebastian Stolarczyksstolarczyk@sbw.org.plVice &#8211; prezes Dariusz Zg\u00f3reckidzgorecki@sbw.org.plSkarbnik Dorota Jefimowdjefimow@sbw.org.pl<\/p>\n","protected":false},"author":1,"featured_media":0,"parent":0,"menu_order":0,"comment_status":"closed","ping_status":"closed","template":"","meta":{"_et_pb_use_builder":"on","_et_pb_old_content":"","_et_gb_content_width":"","footnotes":""},"class_list":["post-337","page","type-page","status-publish","hentry"],"_links":{"self":[{"href":"https:\/\/www.sbw.org.pl\/index.php?rest_route=\/wp\/v2\/pages\/337","targetHints":{"allow":["GET"]}}],"collection":[{"href":"https:\/\/www.sbw.org.pl\/index.php?rest_route=\/wp\/v2\/pages"}],"about":[{"href":"https:\/\/www.sbw.org.pl\/index.php?rest_route=\/wp\/v2\/types\/page"}],"author":[{"embeddable":true,"href":"https:\/\/www.sbw.org.pl\/index.php?rest_route=\/wp\/v2\/users\/1"}],"replies":[{"embeddable":true,"href":"https:\/\/www.sbw.org.pl\/index.php?rest_route=%2Fwp%2Fv2%2Fcomments&post=337"}],"version-history":[{"count":11,"href":"https:\/\/www.sbw.org.pl\/index.php?rest_route=\/wp\/v2\/pages\/337\/revisions"}],"predecessor-version":[{"id":1203,"href":"https:\/\/www.sbw.org.pl\/index.php?rest_route=\/wp\/v2\/pages\/337\/revisions\/1203"}],"wp:attachment":[{"href":"https:\/\/www.sbw.org.pl\/index.php?rest_route=%2Fwp%2Fv2%2Fmedia&parent=337"}],"curies":[{"name":"wp","href":"https:\/\/api.w.org\/{rel}","templated":true}]}}

<p>[et_pb_section fb_built=&#8221;1&#8243; fullwidth=&#8221;on&#8221; _builder_version=&#8221;4.17.0&#8243; _module_preset=&#8221;default&#8221; global_colors_info=&#8221;{}&#8221;][et_pb_fullwidth_image src=&#8221;https://www.sbw.org.pl/wp-content/uploads/2023/10/kontakt_baner_kom.jpg&#8221; title_text=&#8221;kontakt_baner_kom&#8221; src_tablet=&#8221;https://www.sbw.org.pl/wp-content/uploads/2023/10/kontakt_baner_kom-1.jpg&#8221; src_phone=&#8221;https://www.sbw.org.pl/wp-content/uploads/2023/10/kontakt_baner_kom-1.jpg&#8221; src_last_edited=&#8221;on|phone&#8221; _builder_version=&#8221;4.17.0&#8243; _module_preset=&#8221;default&#8221; global_colors_info=&#8221;{}&#8221;][/et_pb_fullwidth_image][/et_pb_section][et_pb_section fb_built=&#8221;1&#8243; _builder_version=&#8221;4.17.0&#8243; _module_preset=&#8221;default&#8221; custom_padding=&#8221;||10px|||&#8221; global_colors_info=&#8221;{}&#8221;][et_pb_row _builder_version=&#8221;4.17.0&#8243; _module_preset=&#8221;default&#8221; min_height=&#8221;190px&#8221; global_colors_info=&#8221;{}&#8221;][et_pb_column type=&#8221;4_4&#8243; _builder_version=&#8221;4.17.0&#8243; _module_preset=&#8221;default&#8221; global_colors_info=&#8221;{}&#8221;][et_pb_text _builder_version=&#8221;4.16&#8243; _module_preset=&#8221;default&#8221; text_font=&#8221;||||||||&#8221; text_font_size=&#8221;16px&#8221; text_line_height=&#8221;2em&#8221; header_2_font=&#8221;||||||||&#8221; custom_padding=&#8221;|||6px||&#8221; text_font_size_tablet=&#8221;14px&#8221; text_font_size_phone=&#8221;&#8221; text_font_size_last_edited=&#8221;on|phone&#8221; global_colors_info=&#8221;{}&#8221;]</p>
<h2><span style="color: #494949;"><strong>Stowarzyszenie Branży Wykończeniowej</strong></span></h2>
<p style="padding-left: 40px;">
<p style="padding-left: 40px;">ul. <span>Generała Władysława Sikorskiego 15c/1</span>,<span>65-454 Zielona Góra</span>, Polska <br />email: <a href="mailto:biuro@sbw.org.pl">biuro@sbw.org.pl</a><br />tel.  +48 665 162 489</p>
<p style="padding-left: 40px;"><span style="font-size: 16px;">KRS 0000817523<br /></span><span style="font-size: 16px;">NIP 8992872982<br /></span><span style="font-size: 16px;">REGON 385048787</span></p>
<ul class="unstyled" align="left"></ul>
<p><span style="color: #494949;"><strong></strong></span></p>
<p>[/et_pb_text][/et_pb_column][/et_pb_row][/et_pb_section][et_pb_section fb_built=&#8221;1&#8243; _builder_version=&#8221;4.17.0&#8243; _module_preset=&#8221;default&#8221; custom_padding=&#8221;||54px|||&#8221; global_colors_info=&#8221;{}&#8221;][et_pb_row _builder_version=&#8221;4.17.0&#8243; _module_preset=&#8221;default&#8221; global_colors_info=&#8221;{}&#8221;][et_pb_column type=&#8221;4_4&#8243; _builder_version=&#8221;4.17.0&#8243; _module_preset=&#8221;default&#8221; global_colors_info=&#8221;{}&#8221;][et_pb_text _builder_version=&#8221;4.17.0&#8243; _module_preset=&#8221;default&#8221; global_colors_info=&#8221;{}&#8221;]</p>
<h2><strong>Zarząd Stowarzyszenia</strong></h2>
<p>[/et_pb_text][/et_pb_column][/et_pb_row][et_pb_row column_structure=&#8221;1_4,1_4,1_4,1_4&#8243; _builder_version=&#8221;4.17.0&#8243; _module_preset=&#8221;default&#8221; global_colors_info=&#8221;{}&#8221;][et_pb_column type=&#8221;1_4&#8243; _builder_version=&#8221;4.17.0&#8243; _module_preset=&#8221;default&#8221; global_colors_info=&#8221;{}&#8221;][et_pb_text _builder_version=&#8221;4.17.0&#8243; _module_preset=&#8221;default&#8221; global_colors_info=&#8221;{}&#8221;]</p>
<h4>Prezes</h4>
<p>Tomasz Jefimow<br /><em><a href="mailto:tjefimow@sbw.org.pl">tjefimow@sbw.org.pl</a></em></p>
<p>[/et_pb_text][/et_pb_column][et_pb_column type=&#8221;1_4&#8243; _builder_version=&#8221;4.17.0&#8243; _module_preset=&#8221;default&#8221; global_colors_info=&#8221;{}&#8221;][et_pb_text _builder_version=&#8221;4.27.0&#8243; _module_preset=&#8221;default&#8221; hover_enabled=&#8221;0&#8243; global_colors_info=&#8221;{}&#8221; sticky_enabled=&#8221;0&#8243;]</p>
<h4>Vice &#8211; prezes</h4>
<p>Sebastian Stolarczyk<br /><em><a href="mailto:tsstolarczyk@sbw.org.pl">sstolarczyk@sbw.org.pl</a></em></p>
<p>[/et_pb_text][/et_pb_column][et_pb_column type=&#8221;1_4&#8243; _builder_version=&#8221;4.17.0&#8243; _module_preset=&#8221;default&#8221; global_colors_info=&#8221;{}&#8221;][et_pb_text _builder_version=&#8221;4.27.0&#8243; _module_preset=&#8221;default&#8221; hover_enabled=&#8221;0&#8243; global_colors_info=&#8221;{}&#8221; sticky_enabled=&#8221;0&#8243;]</p>
<h4>Vice &#8211; prezes</h4>
<p>Dariusz Zgórecki<br /><a href="mailto:dzgorecki@sbw.org.pl">dzgorecki@sbw.org.pl</a></p>
<p>[/et_pb_text][/et_pb_column][et_pb_column type=&#8221;1_4&#8243; _builder_version=&#8221;4.17.0&#8243; _module_preset=&#8221;default&#8221; global_colors_info=&#8221;{}&#8221;][et_pb_text _builder_version=&#8221;4.17.0&#8243; _module_preset=&#8221;default&#8221; global_colors_info=&#8221;{}&#8221;]</p>
<h4>Skarbnik</h4>
<p>Dorota Jefimow<br /><a href="mailto:djefimow@sbw.org.pl"><em>djefimow@sbw.org.pl</em></a></p>
<p>[/et_pb_text][/et_pb_column][/et_pb_row][/et_pb_section][et_pb_section fb_built=&#8221;1&#8243; fullwidth=&#8221;on&#8221; _builder_version=&#8221;4.17.0&#8243; _module_preset=&#8221;default&#8221; global_colors_info=&#8221;{}&#8221;][et_pb_fullwidth_code _builder_version=&#8221;4.17.0&#8243; _module_preset=&#8221;default&#8221; global_colors_info=&#8221;{}&#8221;]<iframe src="https://www.google.com/maps/embed?pb=!1m14!1m8!1m3!1d9839.689244213374!2d15.5057565!3d51.9353706!3m2!1i1024!2i768!4f13.1!3m3!1m2!1s0x2b11fde1818ba865%3A0x7c281edaa3b00960!2sStowarzyszenie%20Bran%C5%BCy%20Wyko%C5%84czeniowej!5e0!3m2!1spl!2spl!4v1682028098828!5m2!1spl!2spl" width="1600" height="400" style="border:0;" allowfullscreen="" loading="lazy" referrerpolicy="no-referrer-when-downgrade"></iframe>[/et_pb_fullwidth_code][/et_pb_section]</p>

<p>Stowarzyszenie Branży Wykończeniowej ul. Generała Władysława Sikorskiego 15c/1,65-454 Zielona Góra, Polska email: biuro@sbw.org.pltel.  +48 665 162 489 KRS 0000817523NIP 8992872982REGON 385048787 Zarząd StowarzyszeniaPrezes Tomasz Jefimowtjefimow@sbw.org.plVice &#8211; prezes Sebastian Stolarczyksstolarczyk@sbw.org.plVice &#8211; prezes Dariusz Zgóreckidzgorecki@sbw.org.plSkarbnik Dorota Jefimowdjefimow@sbw.org.pl</p>
